{"id":773,"date":"2022-11-26T23:57:36","date_gmt":"2022-11-26T23:57:36","guid":{"rendered":"https:\/\/cachoeirapaulista.tur.br\/?page_id=773"},"modified":"2026-07-19T03:53:22","modified_gmt":"2026-07-19T03:53:22","slug":"guias-de-turismo-credenciados","status":"publish","type":"page","link":"https:\/\/museudigitalcp.com.br\/portaltur\/guias-de-turismo-credenciados\/","title":{"rendered":"Guias de turismo credenciados"},"content":{"rendered":"<div id=\"pl-773\"  class=\"panel-layout\" ><div id=\"pg-773-0\"  class=\"panel-grid panel-no-style\" ><div id=\"pgc-773-0-0\"  class=\"panel-grid-cell\" ><div id=\"panel-773-0-0-0\" class=\"so-panel widget widget_sow-editor panel-first-child panel-last-child\" data-index=\"0\" ><div\n\t\t\t\n\t\t\tclass=\"so-widget-sow-editor so-widget-sow-editor-base\"\n\t\t\t\n\t\t>\n<div class=\"siteorigin-widget-tinymce textwidget\">\n\t<h2>\u00c9 importante que voc\u00ea contrate guias de turismo credenciados<\/h2>\n<p class=\"ml15 ng-binding\">Aqui voc\u00ea vai encontrar os guias de turismo credenciados e que est\u00e3o <span class=\"ng-binding\">aptos ao exerc\u00edcio de suas atividades, conforme Lei 8.623\/1993.<\/span><\/p>\n<p class=\"ml15 ng-binding\">Os\u00a0<span class=\"ng-binding\">guias de turismo\u00a0<\/span>s\u00e3o fundamentais para uma viagem proveitosa. Esses profissionais passaram por uma forma\u00e7\u00e3o para melhor acompanhar e orientar os turistas em cachoeira Paulista e regi\u00e3o.<\/p>\n<hr \/>\n<\/div>\n<\/div><\/div><\/div><\/div><div id=\"pg-773-1\"  class=\"panel-grid panel-no-style\" ><div id=\"pgc-773-1-0\"  class=\"panel-grid-cell\" ><div id=\"panel-773-1-0-0\" class=\"so-panel widget widget_sow-editor panel-first-child panel-last-child\" data-index=\"1\" ><div\n\t\t\t\n\t\t\tclass=\"so-widget-sow-editor so-widget-sow-editor-base\"\n\t\t\t\n\t\t>\n<div class=\"siteorigin-widget-tinymce textwidget\">\n\t<p><img loading=\"lazy\" decoding=\"async\" class=\"alignnone wp-image-879 size-medium\" title=\"Guias de turismo credenciados - Claudio Fernandes\" src=\"https:\/\/museudigitalcp.com.br\/portaltur\/wp-content\/uploads\/2022\/12\/claudio-guia-1-300x140.jpg\" alt=\"Guias de turismo credenciados - Claudio Fernandes\" width=\"300\" height=\"140\" srcset=\"https:\/\/museudigitalcp.com.br\/portaltur\/wp-content\/uploads\/2022\/12\/claudio-guia-1-300x140.jpg 300w, https:\/\/museudigitalcp.com.br\/portaltur\/wp-content\/uploads\/2022\/12\/claudio-guia-1.jpg 500w\" sizes=\"auto, (max-width: 300px) 100vw, 300px\" \/><br \/>\n<strong><img loading=\"lazy\" decoding=\"async\" class=\"alignnone wp-image-874 size-full\" title=\"Entre em contato - Claudio Fernandes\" src=\"https:\/\/museudigitalcp.com.br\/portaltur\/wp-content\/uploads\/2022\/12\/icone-whats.png\" alt=\"Entre em contato - Claudio Fernandes\" width=\"40\" height=\"32\" \/><\/strong><strong>Contato: 12 99183-0306<\/strong><br \/>\n- Formado em Hist\u00f3ria e Educa\u00e7\u00e3o F\u00edsica.<br \/>\n- Guia de turismo nacional, Am\u00e9rica do Sul.<br \/>\n- Guia rural e respons\u00e1vel do Museu Hist\u00f3rico e Pedag\u00f3gico Doutor Costa J\u00fanior em Cachoeira Paulista.<br \/>\n- Programador<\/p>\n<hr \/>\n<\/div>\n<\/div><\/div><\/div><div id=\"pgc-773-1-1\"  class=\"panel-grid-cell\" ><div id=\"panel-773-1-1-0\" class=\"so-panel widget widget_sow-editor panel-first-child panel-last-child\" data-index=\"2\" ><div\n\t\t\t\n\t\t\tclass=\"so-widget-sow-editor so-widget-sow-editor-base\"\n\t\t\t\n\t\t>\n<div class=\"siteorigin-widget-tinymce textwidget\">\n\t<p><img loading=\"lazy\" decoding=\"async\" class=\"alignnone wp-image-879 size-medium\" title=\"Guias de turismo credenciados - Camila Prado\" src=\"https:\/\/museudigitalcp.com.br\/portaltur\/wp-content\/uploads\/2022\/11\/foto-camila-guia-1-300x140.jpg\" alt=\"Guias de turismo credenciados - Camila Prado\" width=\"300\" height=\"140\" \/><br \/>\n<strong><img loading=\"lazy\" decoding=\"async\" class=\"alignnone wp-image-874 size-full\" title=\"Entre em contato - Camila Prado\" src=\"https:\/\/museudigitalcp.com.br\/portaltur\/wp-content\/uploads\/2022\/12\/icone-whats.png\" alt=\"Entre em contato - Camila Prado\" width=\"40\" height=\"32\" \/><\/strong><strong>Contato: 12 99136-2785<\/strong><br \/>\n- Formada em T\u00e9cnico de Turismo Receptivo<br \/>\n- Guia Regional e nacional<br \/>\n- Agenciamento de Viagem<br \/>\n- Guia Nacional e Pa\u00edses do Mercosul.<\/p>\n<hr \/>\n<\/div>\n<\/div><\/div><\/div><\/div><\/div>","protected":false},"excerpt":{"rendered":"<p>\u00c9 importante que voc\u00ea contrate guias de turismo credenciados Aqui voc\u00ea vai encontrar os guias de turismo credenciados e que est\u00e3o aptos ao exerc\u00edcio de suas atividades, conforme Lei 8.623\/1993. Os\u00a0guias de turismo\u00a0s\u00e3o fundamentais para uma viagem proveitosa. Esses profissionais passaram por uma forma\u00e7\u00e3o para melhor acompanhar e orientar os turistas em cachoeira Paulista e [&hellip;]<\/p>\n","protected":false},"author":1,"featured_media":1272,"parent":0,"menu_order":0,"comment_status":"closed","ping_status":"closed","template":"","meta":{"_monsterinsights_skip_tracking":false,"site-sidebar-layout":"default","site-content-layout":"","ast-site-content-layout":"default","site-content-style":"default","site-sidebar-style":"default","ast-global-header-display":"","ast-banner-title-visibility":"","ast-main-header-display":"","ast-hfb-above-header-display":"","ast-hfb-below-header-display":"","ast-hfb-mobile-header-display":"","site-post-title":"","ast-breadcrumbs-content":"","ast-featured-img":"","footer-sml-layout":"","ast-disable-related-posts":"","theme-transparent-header-meta":"","adv-header-id-meta":"","stick-header-meta":"","header-above-stick-meta":"","header-main-stick-meta":"","header-below-stick-meta":"","astra-migrate-meta-layouts":"default","ast-page-background-enabled":"default","ast-page-background-meta":{"desktop":{"background-color":"var(--ast-global-color-4)","background-image":"","background-repeat":"repeat","background-position":"center center","background-size":"auto","background-attachment":"scroll","background-type":"","background-media":"","overlay-type":"","overlay-color":"","overlay-opacity":"","overlay-gradient":""},"tablet":{"background-color":"","background-image":"","background-repeat":"repeat","background-position":"center center","background-size":"auto","background-attachment":"scroll","background-type":"","background-media":"","overlay-type":"","overlay-color":"","overlay-opacity":"","overlay-gradient":""},"mobile":{"background-color":"","background-image":"","background-repeat":"repeat","background-position":"center center","background-size":"auto","background-attachment":"scroll","background-type":"","background-media":"","overlay-type":"","overlay-color":"","overlay-opacity":"","overlay-gradient":""}},"ast-content-background-meta":{"desktop":{"background-color":"var(--ast-global-color-5)","background-image":"","background-repeat":"repeat","background-position":"center center","background-size":"auto","background-attachment":"scroll","background-type":"","background-media":"","overlay-type":"","overlay-color":"","overlay-opacity":"","overlay-gradient":""},"tablet":{"background-color":"var(--ast-global-color-5)","background-image":"","background-repeat":"repeat","background-position":"center center","background-size":"auto","background-attachment":"scroll","background-type":"","background-media":"","overlay-type":"","overlay-color":"","overlay-opacity":"","overlay-gradient":""},"mobile":{"background-color":"var(--ast-global-color-5)","background-image":"","background-repeat":"repeat","background-position":"center center","background-size":"auto","background-attachment":"scroll","background-type":"","background-media":"","overlay-type":"","overlay-color":"","overlay-opacity":"","overlay-gradient":""}},"footnotes":""},"class_list":["post-773","page","type-page","status-publish","has-post-thumbnail","hentry"],"_links":{"self":[{"href":"https:\/\/museudigitalcp.com.br\/portaltur\/wp-json\/wp\/v2\/pages\/773","targetHints":{"allow":["GET"]}}],"collection":[{"href":"https:\/\/museudigitalcp.com.br\/portaltur\/wp-json\/wp\/v2\/pages"}],"about":[{"href":"https:\/\/museudigitalcp.com.br\/portaltur\/wp-json\/wp\/v2\/types\/page"}],"author":[{"embeddable":true,"href":"https:\/\/museudigitalcp.com.br\/portaltur\/wp-json\/wp\/v2\/users\/1"}],"replies":[{"embeddable":true,"href":"https:\/\/museudigitalcp.com.br\/portaltur\/wp-json\/wp\/v2\/comments?post=773"}],"version-history":[{"count":0,"href":"https:\/\/museudigitalcp.com.br\/portaltur\/wp-json\/wp\/v2\/pages\/773\/revisions"}],"wp:featuredmedia":[{"embeddable":true,"href":"https:\/\/museudigitalcp.com.br\/portaltur\/wp-json\/wp\/v2\/media\/1272"}],"wp:attachment":[{"href":"https:\/\/museudigitalcp.com.br\/portaltur\/wp-json\/wp\/v2\/media?parent=773"}],"curies":[{"name":"wp","href":"https:\/\/api.w.org\/{rel}","templated":true}]}}

<div id="pl-773"  class="panel-layout" ><div id="pg-773-0"  class="panel-grid panel-no-style" ><div id="pgc-773-0-0"  class="panel-grid-cell" ><div id="panel-773-0-0-0" class="so-panel widget widget_sow-editor panel-first-child panel-last-child" data-index="0" ><div
			
			class="so-widget-sow-editor so-widget-sow-editor-base"
			
		>
<div class="siteorigin-widget-tinymce textwidget">
	<h2>É importante que você contrate guias de turismo credenciados</h2>
<p class="ml15 ng-binding">Aqui você vai encontrar os guias de turismo credenciados e que estão <span class="ng-binding">aptos ao exercício de suas atividades, conforme Lei 8.623/1993.</span></p>
<p class="ml15 ng-binding">Os <span class="ng-binding">guias de turismo </span>são fundamentais para uma viagem proveitosa. Esses profissionais passaram por uma formação para melhor acompanhar e orientar os turistas em cachoeira Paulista e região.</p>
<hr />
</div>
</div></div></div></div><div id="pg-773-1"  class="panel-grid panel-no-style" ><div id="pgc-773-1-0"  class="panel-grid-cell" ><div id="panel-773-1-0-0" class="so-panel widget widget_sow-editor panel-first-child panel-last-child" data-index="1" ><div
			
			class="so-widget-sow-editor so-widget-sow-editor-base"
			
		>
<div class="siteorigin-widget-tinymce textwidget">
	<p><img loading="lazy" decoding="async" class="alignnone wp-image-879 size-medium" title="Guias de turismo credenciados - Claudio Fernandes" src="https://museudigitalcp.com.br/portaltur/wp-content/uploads/2022/12/claudio-guia-1-300x140.jpg" alt="Guias de turismo credenciados - Claudio Fernandes" width="300" height="140" srcset="https://museudigitalcp.com.br/portaltur/wp-content/uploads/2022/12/claudio-guia-1-300x140.jpg 300w, https://museudigitalcp.com.br/portaltur/wp-content/uploads/2022/12/claudio-guia-1.jpg 500w" sizes="auto, (max-width: 300px) 100vw, 300px" /><br />
<strong><img loading="lazy" decoding="async" class="alignnone wp-image-874 size-full" title="Entre em contato - Claudio Fernandes" src="https://museudigitalcp.com.br/portaltur/wp-content/uploads/2022/12/icone-whats.png" alt="Entre em contato - Claudio Fernandes" width="40" height="32" /></strong><strong>Contato: 12 99183-0306</strong><br />
- Formado em História e Educação Física.<br />
- Guia de turismo nacional, América do Sul.<br />
- Guia rural e responsável do Museu Histórico e Pedagógico Doutor Costa Júnior em Cachoeira Paulista.<br />
- Programador</p>
<hr />
</div>
</div></div></div><div id="pgc-773-1-1"  class="panel-grid-cell" ><div id="panel-773-1-1-0" class="so-panel widget widget_sow-editor panel-first-child panel-last-child" data-index="2" ><div
			
			class="so-widget-sow-editor so-widget-sow-editor-base"
			
		>
<div class="siteorigin-widget-tinymce textwidget">
	<p><img loading="lazy" decoding="async" class="alignnone wp-image-879 size-medium" title="Guias de turismo credenciados - Camila Prado" src="https://museudigitalcp.com.br/portaltur/wp-content/uploads/2022/11/foto-camila-guia-1-300x140.jpg" alt="Guias de turismo credenciados - Camila Prado" width="300" height="140" /><br />
<strong><img loading="lazy" decoding="async" class="alignnone wp-image-874 size-full" title="Entre em contato - Camila Prado" src="https://museudigitalcp.com.br/portaltur/wp-content/uploads/2022/12/icone-whats.png" alt="Entre em contato - Camila Prado" width="40" height="32" /></strong><strong>Contato: 12 99136-2785</strong><br />
- Formada em Técnico de Turismo Receptivo<br />
- Guia Regional e nacional<br />
- Agenciamento de Viagem<br />
- Guia Nacional e Países do Mercosul.</p>
<hr />
</div>
</div></div></div></div></div>

<p>É importante que você contrate guias de turismo credenciados Aqui você vai encontrar os guias de turismo credenciados e que estão aptos ao exercício de suas atividades, conforme Lei 8.623/1993. Os guias de turismo são fundamentais para uma viagem proveitosa. Esses profissionais passaram por uma formação para melhor acompanhar e orientar os turistas em cachoeira Paulista e [&hellip;]</p>
